is the remainder when 134477 is divided by 558?
557
What is the remainder when 124396 is divided by 625?
21
Calculate the remainder when 96000 is divided by 196.
156
What is the remainder when 121755 is divided by 50?
5
What is the remainder when 1788971 is divided by 698?
695
Calculate the remainder when 3233 is divided by 1605.
23
Calculate the remainder when 13763 is divided by 106.
89
What is the remainder when 2158 is divided by 543?
529
Calculate the remainder when 495581 is divided by 453.
452
Calculate the remainder when 8506 is divided by 149.
13
What is the remainder when 8789 is divided by 807?
719
Calculate the remainder when 70335 is divided by 21.
6
Calculate the remainder when 609430 is divided by 45.
40
What is the remainder when 12451 is divided by 1535?
171
Calculate the remainder when 4001266 is divided by 910.
906
What is the remainder when 12903 is divided by 301?
261
Calculate the remainder when 11212 is divided by 5588.
36
What is the remainder when 3702 is divided by 1201?
99
What is the remainder when 156637 is divided by 177?
169
What is the remainder when 2295655 is divided by 216?
7
What is the remainder when 2522 is divided by 277?
29
What is the remainder when 2120 is divided by 4?
0
What is the remainder when 1578 is divided by 524?
6
What is the remainder when 73524 is divided by 140?
24
Calculate the remainder when 4498 is divided by 2152.
194
Calculate the remainder when 45694 is divided by 15229.
7
What is the remainder when 14607 is divided by 7125?
357
What is the remainder when 15273 is divided by 283?
274
What is the remainder when 21101 is divided by 1918?
3
What is the remainder when 5449 is divided by 5435?
14
What is the remainder when 48830 is divided by 48586?
244
What is the remainder when 50444 is divided by 16814?
2
What is the remainder when 245790 is divided by 11172?
6
What is the remainder when 10811 is divided by 4?
3
What is the remainder when 30294 is divided by 5048?
6
What is the remainder when 38022 is divided by 470?
422
What is the remainder when 2041 is divided by 2029?
12
Calculate the remainder when 19365 is divided by 23.
22
What is the remainder when 2165 is divided by 781?
603
Calculate the remainder when 5828 is divided by 5108.
720
What is the remainder when 13993 is divided by 293?
222
Calculate the remainder when 1351 is divided by 166.
23
Calculate the remainder when 50724 is divided by 25356.
12
What is the remainder when 5265 is divided by 74?
11
Calculate the remainder when 131285 is divided by 467.
58
What is the remainder when 4719 is divided by 53?
2
Calculate the remainder when 679729 is divided by 1325.
4
Calculate the remainder when 331 is divided by 201.
130
Calculate the remainder when 499 is divided by 125.
124
Calculate the remainder when 2621 is divided by 83.
48
Calculate the remainder when 8482 is divided by 565.
7
Calculate the remainder when 7824 is divided by 3903.
18
What is the remainder when 54161 is divided by 404?
25
Calculate the remainder when 52667 is divided by 1199.
1110
Calculate the remainder when 478 is divided by 87.
43
What is the remainder when 1335 is divided by 646?
43
What is the remainder when 22252 is divided by 26?
22
Calculate the remainder when 11447 is divided by 1258.
125
Calculate the remainder when 5187 is divided by 15.
12
What is the remainder when 2774 is divided by 285?
209
Calculate the remainder when 1167 is divided by 424.
319
What is the remainder when 392041 is divided by 392034?
7
What is the remainder when 1318 is divided by 43?
28
What is the remainder when 49380 is divided by 8?
4
Calculate the remainder when 795759 is divided by 198.
195
What is the remainder when 34821 is divided by 468?
189
Calculate the remainder when 204742 is divided by 114.
112
What is the remainder when 2707 is divided by 496?
227
Calculate the remainder when 99149 is divided by 15.
14
Calculate the remainder when 71734 is divided by 34.
28
Calculate the remainder when 17533 is divided by 791.
131
What is the remainder when 31701 is divided by 47?
23
Calculate the remainder when 299 is divided by 255.
44
Calculate the remainder when 163 is divided by 73.
17
Calculate the remainder when 11545 is divided by 268.
21
What is the remainder when 27823 is divided by 17?
11
What is the remainder when 27857 is divided by 8803?
1448
What is the remainder when 45747 is divided by 286?
273
What is the remainder when 1557 is divided by 460?
177
Calculate the remainder when 72679 is divided by 40.
39
What is the remainder when 507 is divided by 237?
33
Calculate the remainder when 12971 is divided by 147.
35
Calculate the remainder when 833 is divided by 169.
157
Calculate the remainder when 965214 is divided by 434.
432
Calculate the remainder when 25478 is divided by 27.
17
Calculate the remainder when 4083 is divided by 255.
3
What is the remainder when 17385 is divided by 57?
0
Calculate the remainder when 27294 is divided by 5428.
154
Calculate the remainder when 415895 is divided by 45.
5
What is the remainder when 1572815 is divided by 168?
167
Calculate the remainder when 345123 is divided by 964.
11
What is the remainder when 576 is divided by 487?
89
What is the remainder when 79638 is divided by 141?
114
Calculate the remainder when 13518 is divided by 50.
18
Calculate the remainder when 23129 is divided by 260.
249
What is the remainder when 4005 is divided by 360?
45
What is the remainder when 1243 is divided by 1065?
178
Calculate the remainder when 1360 is divided by 49.
37
What is the remainder when 14236 is divided by 101?
96
What is the remainder when 190930 is divided by 15?
10
Calculate the remainder when 18743 is divided by 126.
95
Calculate the remainder when 66936 is divided by 71.
54
What is the remainder when 74625 is divided by 22?
1
What is the remainder when 16179 is divided by 5391?
6
What is the remainder when 101 is divided by 52?
49
What is the remainder when 31988 is divided by 248?
244
What is the remainder when 33848 is divided by 11281?
5
Calculate the remainder when 196685 is divided by 21.
20
What is the remainder when 276699 is divided by 92226?
21
What is the remainder when 2791 is divided by 693?
19
Calculate the remainder when 11544 is divided by 14.
8
Calculate the remainder when 13529 is divided by 1346.
69
What is the remainder when 52397 is divided by 690?
647
Calculate the remainder when 129681 is divided by 23.
7
Calculate the remainder when 24721 is divided by 201.
199
Calculate the remainder when 58664 is divided by 1725.
14
Calculate the remainder when 151436 is divided by 56.
12
What is the remainder when 10598 is divided by 1766?
2
What is the remainder when 8106 is divided by 8013?
93
Calculate the remainder when 24590 is divided by 328.
318
What is the remainder when 21544 is divided by 181?
5
What is the remainder when 9456 is divided by 2348?
64
What is the remainder when 75687 is divided by 25224?
15
What is the remainder when 26986 is divided by 9?
4
What is the remainder when 3101 is divided by 181?
24
What is the remainder when 3849 is divided by 761?
44
Calculate the remainder when 464 is divided by 2.
0
What is the remainder when 2689082 is divided by 261?
260
What is the remainder when 110200 is divided by 32?
24
Calculate the remainder when 1395 is divided by 109.
87
What is the remainder when 654584 is divided by 209?
205
Calculate the remainder when 392 is divided by 106.
74
What is the remainder when 27093 is divided by 1364?
1177
Calculate the remainder when 1603 is divided by 519.
46
What is the remainder when 92586 is divided by 6172?
6
Calculate the remainder when 8474 is divided by 52.
50
What is the remainder when 4022 is divided by 449?
430
Calculate the remainder when 5355 is divided by 1775.
30
Calculate the remainder when 1477 is divided by 388.
313
What is the remainder when 42693 is divided by 75?
18
What is the remainder when 2991 is divided by 194?
81
What is the remainder when 2828 is divided by 898?
134
What is the remainder when 9351 is divided by 54?
9
What is the remainder when 10402 is divided by 216?
34
Calculate the remainder when 110107 is divided by 7.
4
Calculate the remainder when 3003 is divided by 153.
96
What is the remainder when 78842 is divided by 716